
-aa
22 (base 7) to base 4
100
Convert 4 (base 14) to base 7.
4
Convert -100121 (base 3) to base 2.
-100000011
12 (base 11) to base 3
111
Convert -11 (base 7) to base 15.
-8
What is 4 (base 10) in base 13?
4
10001 (base 2) to base 10
17
410 (base 5) to base 12
89
a (base 11) to base 4
22
What is -2 (base 11) in base 13?
-2
10 (base 6) to base 16
6
8 (base 14) to base 15
8
-3 (base 11) to base 6
-3
What is 0 (base 4) in base 9?
0
101 (base 13) to base 11
145
Convert 11111 (base 2) to base 6.
51
What is -9 (base 15) in base 8?
-11
Convert 5 (base 13) to base 16.
5
46 (base 7) to base 12
2a
What is 3 (base 8) in base 2?
11
Convert -3 (base 4) to base 7.
-3
What is 13 (base 5) in base 6?
12
31 (base 5) to base 2
10000
Convert 11 (base 10) to base 9.
12
What is 32 (base 8) in base 14?
1c
What is 10011 (base 2) in base 5?
34
Convert -10010 (base 2) to base 10.
-18
3 (base 8) to base 6
3
-7 (base 8) to base 11
-7
Convert 1 (base 4) to base 11.
1
11 (base 5) to base 10
6
Convert -3 (base 12) to base 3.
-10
What is -131 (base 5) in base 13?
-32
Convert 25 (base 11) to base 2.
11011
Convert 3 (base 6) to base 7.
3
What is 1010 (base 6) in base 16?
de
What is -9 (base 10) in base 7?
-12
What is -14 (base 14) in base 6?
-30
Convert -23 (base 13) to base 2.
-11101
What is 2 (base 3) in base 4?
2
Convert 224 (base 10) to base 3.
22022
What is c4 (base 13) in base 3?
12221
Convert 661 (base 7) to base 12.
241
Convert -3 (base 9) to base 13.
-3
Convert -3 (base 4) to base 9.
-3
What is 0 (base 11) in base 9?
0
3 (base 14) to base 12
3
Convert 1 (base 12) to base 14.
1
34 (base 13) to base 6
111
Convert 11 (base 3) to base 5.
4
What is 3 (base 14) in base 10?
3
-10102 (base 3) to base 8
-134
Convert -3 (base 6) to base 4.
-3
Convert 200 (base 5) to base 10.
50
Convert 3 (base 8) to base 13.
3
2132 (base 4) to base 8
236
Convert 13 (base 5) to base 13.
8
What is b (base 15) in base 2?
1011
Convert 23 (base 12) to base 14.
1d
What is 5c (base 16) in base 15?
62
23 (base 7) to base 2
10001
What is -1 (base 10) in base 8?
-1
-135 (base 6) to base 8
-73
What is -1 (base 4) in base 6?
-1
What is 3 (base 7) in base 16?
3
3 (base 10) to base 3
10
-2 (base 16) to base 3
-2
Convert -4 (base 8) to base 12.
-4
0 (base 9) to base 15
0
What is -3 (base 13) in base 6?
-3
237 (base 12) to base 6
1311
What is 10a (base 14) in base 5?
1311
4 (base 6) to base 13
4
0 (base 14) to base 16
0
What is -30 (base 11) in base 4?
-201
What is -200 (base 3) in base 15?
-13
What is f (base 16) in base 9?
16
Convert 133 (base 4) to base 15.
21
c4 (base 14) to base 16
ac
14 (base 14) to base 6
30
Convert 4 (base 10) to base 12.
4
Convert d (base 16) to base 8.
15
What is -203 (base 12) in base 3?
-101210
What is -3b (base 14) in base 8?
-65
4 (base 11) to base 5
4
Convert 2a (base 16) to base 2.
101010
-3 (base 8) to base 15
-3
60 (base 11) to base 9
73
What is -101 (base 2) in base 5?
-10
What is -3 (base 4) in base 15?
-3
-9 (base 10) to base 13
-9
-23 (base 4) to base 10
-11
What is -5 (base 7) in base 13?
-5
Convert -1111001 (base 2) to base 16.
-79
-10 (base 6) to base 12
-6
-1 (base 14) to base 11
-1
What is -56 (base 10) in base 4?
-320
Convert 1113 (base 5) to base 2.
10011110
Convert -57 (base 8) to base 3.
-1202
-10010 (base 2) to base 9
-20
Convert -b3 (base 13) to base 5.
-1041
2 (base 15) to base 13
2
Convert 188 (base 12) to base 2.
11111000
What is -210 (base 3) in base 13?
-18
0 (base 2) to base 13
0
31 (base 4) to base 5
23
What is -2 (base 6) in base 3?
-2
What is -351 (base 6) in base 15?
-94
What is -12a (base 14) in base 9?
-280
-4 (base 11) to base 16
-4
Convert -18 (base 16) to base 11.
-22
1001 (base 3) to base 2
11100
What is 47 (base 9) in base 2?
101011
Convert -22000 (base 3) to base 16.
-d8
Convert -1 (base 9) to base 8.
-1
What is 5 (base 13) in base 10?
5
100 (base 3) to base 5
14
Convert -3 (base 10) to base 15.
-3
2 (base 7) to base 4
2
Convert c (base 15) to base 8.
14
Convert -20 (base 4) to base 8.
-10
Convert 14 (base 10) to base 9.
15
What is 2 (base 6) in base 15?
2
Convert 1 (base 3) to base 9.
1
What is 1 (base 13) in base 3?
1
What is 51 (base 11) in base 15?
3b
Convert -27 (base 9) to base 6.
-41
1001 (base 2) to base 14
9
-150 (base 10) to base 16
-96
Convert c (base 15) to base 5.
22
Convert -200 (base 3) to base 11.
-17
Convert -6b (base 15) to base 7.
-203
11 (base 2) to base 13
3
Convert 4 (base 16) to base 14.
4
What is -1210 (base 3) in base 11?
-44
146 (base 8) to base 6
250
-2 (base 3) to base 8
-2
What is 23 (base 15) in base 2?
100001
10 (base 4) to base 14
4
Convert -33 (base 16) to base 9.
-56
What is -1 (base 6) in base 8?
-1
5 (base 8) to base 3
12
What is -4e (base 15) in base 8?
-112
Convert -44 (base 10) to base 14.
-32
Convert 65 (base 13) to base 12.
6b
Convert -4 (base 8) to base 12.
-4
-12 (base 15) to base 16
-11
Convert 7 (base 13) to base 7.
10
Convert 3 (base 16) to base 12.
3
-2 (base 8) to base 6
-2
Convert -18 (base 13) to base 9.
-23
Convert 29 (base 16) to base 11.
38
Convert 8 (base 11) to base 9.
8
-61 (base 12) to base 14
-53
What is 9 (base 14) in base 4?
21
-9 (base 10) to base 9
-10
Convert 3 (base 16) to base 3.
10
101 (base 5) to base 13
20
Convert -2a (base 15) to base 3.
-1111
What is 19 (base 15) in base 6?
40
-100 (base 2) to base 13
-4
Convert 27 (base 9) to base 14.
1b
Convert 3 (base 13) to base 15.
3
33 (base 10) to base 16
21
What is -6 (base 11) in base 12?
-6
-230 (base 5) to base 4
-1001
What is 1 (base 12) in base 4?
1
Convert -b (base 13) to base 15.
-b
What is -2 (base 4) in base 16?
-2
8 (base 13) to base 10
8
What is -4 (base 15) in base 13?
-4
0 (base 9) to base 5
0
11011 (base 2) to base 4
123
200 (base 3) to base 8
22
-3 (base 5) to base 2
-11
0 (base 4) to base 11
0
Convert 166 (base 8) to base 14.
86
What is -1111 (base 3) in base 5?
-130
What is 11 (base 7) in base 16?
8
What is 212 (base 3) in base 16?
17
-101010 (base 2) to base 10
-42
Convert -33 (base 5) to base 6.
-30
Convert -3 (base 13) to base 8.
-3
-13 (base 9) to base 8
-14
What is 50 (base 12) in base 14?
44
What is -24 (base 9) in base 6?
-34
Convert 38 (base 11) to base 12.
35
What is -4 (base 5) in base 13?
-4
-1031 (base 4) to base 13
-5c
b (base 15) to base 16
b
Convert 113 (base 4) to base 8.
27
What is 0 (base 7) in base 8?
0
What is -11 (base 4) in base 2?
-101
-11101 (base 2) to base 16
-1d
What is 66 (base 10) in base 5?
231
-13 (base 5) to base 12
-8
-1 (base 4) to base 3
-1
Convert c (base 14) to base 2.
1100
-a (base 16) to base 3
-101
-10 (base 15) to base 11
-14
What is 1 (base 4) in base 13?
1
1 (base 5) to base 12
1
-4 (base 10) to base 13
-4
What is 2 (base 5) in base 16?
2
What is 5 (base 9) in base 8?
5
-9 (base 10) to base 7
-12
Convert 2 (base 11) to base 2.
10
What is -8 (base 13) in base 7?
-11
Convert -4 (base 12) to base 5.
-4
Convert 1 (base 15) to base 6.
1
-25 (base 9) to base 5
-43
What is -137 (base 9) in base 15?
-7a
Convert -50 (base 7) to base 6.
-55
Convert -33 (base 7) to base 9.
-26
Convert 0 (base 14) to base 16.
0
What is 2 (base 4) in base 2?
10
Convert -1 (base 10) to base 5.
-1
What is 50 (base 8) in base 5?
130
What is 0 (base 10) in base 4?
0
What is 29 (base 15) in base 13?
30
What is -16 (base 8) in base 14?
-10
Convert 1 (base 15) to base 9.
1
-43 (base 7) to base 15
-21
Convert 1233 (base 5) to base 16.
c1
Convert 15 (base 9) to base 12.
12
Convert -2 (base 15) to base 7.
-2
-1 (base 7) to base 6
-1
Convert -1 (base 5) to base 8.
-1
What is -1 (base 11) in base 2?
-1
Convert 10 (base 2) to base 12.
2
What is 10 (base 6) in base 8?
6
e (base 16) to base 14
10
What is 51 (base 16) in base 7?
144
Convert 2 (base 11) to base 7.
2
104 (base 12) to base 13
b5
Convert 194 (base 15) to base 16.
16c
What is -36 (base 9) in base 11?
-30
What is -100110000 (base 2) in base 13?
-1a5
Convert 15 (base 12) to base 8.
21
111 (base 3) to base 7
16
Convert -2 (base 9) to base 3.
-2
Convert 52 (base 15) to base 10.
77
What is 95 (base 12) in base 11?
a3
What is -20 (base 3) in base 6?
-10
What is -14 (base 8) in base 9?
-13
-1 (base 5) to base 10
-1
a (base 12) to base 16
a
Convert -225 (base 7) to base 9.
-140
100 (base 2) to base 3
11
32 (base 15) to base 3
1202
Convert 35 (base 7) to base 14